79
Calculate the highest common factor of 100251 and 10140203.
3713
What is the highest common divisor of 14 and 12711986?
14
Calculate the highest common factor of 639615 and 2160.
15
Calculate the highest common divisor of 1403266 and 5232.
218
Calculate the highest common factor of 399773 and 110.
11
Calculate the greatest common factor of 783 and 10335339.
261
Calculate the greatest common factor of 1518336 and 26016.
96
What is the greatest common factor of 14395 and 252750289?
2879
Calculate the greatest common divisor of 441796 and 1590962.
2482
What is the greatest common factor of 233538147 and 162?
81
Calculate the highest common divisor of 10514220 and 684.
228
Calculate the highest common factor of 1375545 and 35580.
15
Calculate the greatest common divisor of 66 and 4311138.
6
What is the greatest common factor of 10007374 and 1244542?
3926
What is the highest common factor of 98 and 51505482?
14
What is the highest common factor of 306 and 7727058?
18
What is the highest common divisor of 83455375 and 325?
25
Calculate the highest common factor of 265664 and 700.
28
Calculate the greatest common divisor of 594032 and 195088.
2192
Calculate the greatest common factor of 4712 and 258894.
38
What is the greatest common factor of 119365082 and 8242?
634
Calculate the highest common divisor of 10 and 3603362360.
10
Calculate the greatest common factor of 792 and 10771464.
264
What is the highest common divisor of 383999 and 143?
11
What is the highest common factor of 9479761 and 17?
17
Calculate the greatest common factor of 1386800 and 3550.
50
What is the highest common divisor of 1111419 and 1125?
9
Calculate the greatest common divisor of 8659320 and 2655.
15
What is the highest common divisor of 15 and 77607835?
5
Calculate the greatest common factor of 748448 and 15488.
32
Calculate the highest common factor of 11607791 and 224952.
1339
Calculate the greatest common divisor of 102334 and 29944.
38
What is the greatest common factor of 446 and 3190907?
223
What is the highest common divisor of 77 and 1441426?
7
Calculate the highest common factor of 116444 and 830679.
677
Calculate the greatest common divisor of 538665 and 441.
3
What is the highest common factor of 268 and 1828564?
268
Calculate the highest common factor of 80 and 317582.
2
Calculate the greatest common divisor of 301678 and 39598.
26
What is the highest common factor of 5492116 and 931?
49
Calculate the highest common divisor of 3333810 and 3330.
30
What is the greatest common divisor of 15219918 and 12?
6
What is the highest common divisor of 40604796 and 3?
3
Calculate the highest common factor of 7612160 and 1600.
320
Calculate the greatest common factor of 74190 and 119502.
6
Calculate the greatest common divisor of 4522298 and 242.
22
What is the highest common divisor of 112224835 and 2505?
835
Calculate the highest common divisor of 3805546 and 2684.
122
Calculate the greatest common divisor of 969 and 10472731.
17
What is the highest common divisor of 190451839 and 703?
703
What is the highest common divisor of 55611 and 105250581?
1503
What is the highest common factor of 4386 and 2576775?
2193
Calculate the greatest common factor of 2945418 and 7714.
266
Calculate the highest common factor of 106439676 and 672.
84
What is the greatest common divisor of 4329 and 1228617?
117
What is the highest common divisor of 1417218 and 7486?
394
Calculate the greatest common divisor of 7726700 and 700.
100
Calculate the greatest common factor of 434386 and 1204.
86
What is the greatest common factor of 784 and 19300064?
112
What is the greatest common divisor of 2433776 and 16816?
16
What is the highest common divisor of 5 and 6695630?
5
Calculate the greatest common factor of 777203 and 448.
7
Calculate the highest common factor of 528798 and 49352.
62
What is the greatest common factor of 44539386 and 66?
6
Calculate the highest common divisor of 84988017 and 951.
951
Calculate the greatest common divisor of 2317 and 223212829.
2317
What is the highest common factor of 123 and 3391890?
3
What is the greatest common divisor of 9105393 and 33?
33
Calculate the highest common factor of 3408252 and 846.
282
Calculate the greatest common divisor of 36603 and 11024475.
1743
What is the greatest common divisor of 30 and 6880785?
15
Calculate the greatest common divisor of 1856636 and 22144.
692
What is the highest common factor of 43027652 and 8?
4
Calculate the highest common factor of 42 and 190725150.
42
Calculate the greatest common factor of 3546839 and 1132.
283
Calculate the greatest common factor of 3194886 and 4849116.
4938
Calculate the greatest common divisor of 56420448 and 678.
678
Calculate the highest common divisor of 41689 and 25709.
47
What is the greatest common divisor of 3620 and 3122793?
181
What is the greatest common factor of 1133 and 1052854?
11
What is the greatest common divisor of 58734 and 13092066?
234
Calculate the highest common factor of 803853 and 45.
9
What is the greatest common divisor of 56 and 216295842?
14
Calculate the greatest common factor of 10361 and 72475.
13
What is the highest common factor of 222096901 and 92?
23
Calculate the greatest common divisor of 6498210 and 150.
30
What is the greatest common factor of 7513165 and 1265?
55
What is the greatest common factor of 39 and 9331101?
39
Calculate the highest common factor of 22421280 and 14.
14
What is the greatest common factor of 1342 and 183719373?
61
What is the greatest common divisor of 112957404 and 6456?
3228
Calculate the highest common factor of 38 and 15575041.
19
What is the highest common factor of 7297144 and 88?
8
Calculate the greatest common factor of 2528874 and 864.
54
What is the greatest common factor of 27082 and 454586?
22
Calculate the highest common factor of 3512 and 113269463.
439
What is the greatest common factor of 32765517 and 27?
9
Calculate the greatest common divisor of 7 and 48373913.
7
Calculate the greatest common factor of 15720 and 5004462.
786
What is the greatest common factor of 2552 and 146682?
58
Calculate the greatest common factor of 311 and 571702903.
311
Calculate the highest common factor of 22407160 and 200.
40
What is the highest common divisor of 46021699 and 1847?
1847
What is the highest common factor of 42 and 230228012?
14
Calculate the highest common divisor of 3861532 and 2492.
356
Calculate the highest common divisor of 210 and 39320841.
21
What is the highest common divisor of 250 and 120025250?
250
Calculate the greatest common factor of 455787293 and 3898.
1949
What is the highest common divisor of 1252931 and 222?
37
Calculate the greatest common factor of 1039429948 and 4.
4
What is the highest common factor of 5684700 and 12516?
84
Calculate the greatest common factor of 7 and 25397267.
7
What is the greatest common factor of 90256975 and 46150?
1775
Calculate the greatest common divisor of 207 and 14626091.
23
Calculate the greatest common divisor of 47167991 and 262.
131
What is the greatest common divisor of 5356113 and 77?
7
Calculate the highest common divisor of 25808 and 9008.
16
What is the greatest common divisor of 382812 and 54006714?
10074
Calculate the highest common divisor of 462428 and 534907.
599
Calculate the highest common divisor of 8725 and 164063155.
1745
Calculate the greatest common factor of 138 and 720675.
3
What is the greatest common divisor of 86 and 25863253?
43
What is the highest common divisor of 5247 and 2005785?
477
Calculate the highest common divisor of 39336 and 3048.
24
What is the highest common divisor of 798 and 1131260?
38
What is the greatest common factor of 252030 and 30?
30
Calculate the greatest common divisor of 15976471 and 3176.
397
What is the greatest common divisor of 215882667 and 3092?
773
What is the greatest common factor of 3835 and 823095?
65
What is the highest common divisor of 3032362112 and 8576?
8576
Calculate the greatest common factor of 354890 and 805.
115
What is the greatest common factor of 12577761 and 162?
81
What is the greatest common factor of 22594670 and 420?
70
What is the highest common divisor of 632485 and 6545?
595
Calculate the highest common factor of 2553 and 2331234.
69
What is the greatest common factor of 3916 an